 prime factors of k.
2, 41
Let r be (-11985)/(-18) + -1 - 2/(-12). Suppose -c = 6*c - r. List the prime factors of c.
5, 19
Let f be (-1)/3 - 3/(36/308). Let t = 39 + f. List the prime factors of t.
13
Let c = 594 - 57. What are the prime factors of c?
3, 179
Suppose 3*s - 5 + 3 = 4*k, 3*k + 27 = -2*s. What are the prime factors of 3/(2/(-120)*8/s)?
3, 5
Let i(f) = f**3 - 3*f**2 - 5*f - 2. Suppose -5*a + 53 = 3. Suppose -3*l - 5 = -4*o, -2*o - o + a = -l. List the prime factors of i(l).
23
Let c = -9 - -19. Let o(q) = -3*q - 6*q + 1 + c*q. What are the prime factors of o(4)?
5
Suppose -2 - 3 = -m - 5*t, -5*t = 3*m - 5. Suppose -3*u + 2*u = m. Suppose 0*c - 3*c + 39 = u. What are the prime factors of c?
13
Suppose -f - 8004 = -13*f. What are the prime factors of f?
23, 29
Suppose 0 = 8*b - 9*b + 124. Suppose 4*s + 6*p - b = 2*p, 64 = 2*s + p. What are the prime factors of s?
3, 11
Let k = 90 + 90. Suppose 6*f - 2*f = k. List the prime factors of f.
3, 5
Let k be 8/(-6)*3*1. Let z be ((-34)/k)/(2/12). Suppose -5*v = -94 - z. What are the prime factors of v?
29
Let r be 11*-2*(4 + -1). Let y be r/(-4)*(-32)/(-12). Suppose -l = l - y. What are the prime factors of l?
2, 11
Let p be -3 + 3 + 5 + -1. Suppose 0 = -4*l - 12, -4*i - p*l = -8*l - 704. List the prime factors of i.
173
Suppose 0 = -4*u - 5075 - 245. List the prime factors of 6/5*u/(-28).
3, 19
Let a = 4666 - 3092. List the prime factors of a.
2, 787
Suppose -837 + 4017 = 10*m. List the prime factors of m.
2, 3, 53
Suppose -21*b + 64*b = 10191. List the prime factors of b.
3, 79
Let c = -26 - -30. List the prime factors of 57/(c/16*4).
3, 19
Suppose -3*m + 22 = -5*t, -3*t - 5 = 3*m - 11. Suppose -m*d = 5*n - 27, 3*n = -4*d + 7*n. Suppose -6*j + 18 = -d*j. List the prime factors of j.
2, 3
Let t(n) be the first derivative of n**3/3 - 3*n**2 + 9*n - 52. List the prime factors of t(10).
7
Suppose -7*o = -3*o + 8. What are the prime factors of 31 - (3 - (o + 3))?
29
Let f = -69 - -39. Let x = -18 - f. Suppose 5*i = 3*i + x. List the prime factors of i.
2, 3
Let v(s) = -1 + 9*s + s - 2*s**2 - 12*s - s**3. Let l(p) = 3*p + 1. Let f be l(-1). What are the prime factors of v(f)?
3
Let h be 128/44 + 1/11. Suppose -h*m + 2*o = -934 + 277, -4*o = 0. List the prime factors of m.
3, 73
Suppose 3*y = -2*y - 25. Let j(v) = -v + 4. Let l(w) = w - 5. Let n(x) = y*j(x) - 6*l(x). What are the prime factors of n(5)?
5
Let j(u) = -3*u**2 + 18*u - 4. What are the prime factors of j(4)?
2, 5
Let h(s) be the second derivative of 1/6*s**4 - 7*s - 3/2*s**2 + 0 - 5/3*s**3. List the prime factors of h(6).
3
Let w = 819 - 527. What are the prime factors of w?
2, 73
Suppose -324 = -5*l + 4*l. List the prime factors of l.
2, 3
Suppose 35*q - 16385 = 8675. What are the prime factors of q?
2, 179
Suppose 0 = -5*l - 5*u - 35, l + 4*u + 31 = -4*l. Let d(k) = -4*k - 6. Let a be d(l). Suppose -b + a*b = 25. List the prime factors of b.
5
Suppose -5*a - 3*q + 1066 = 0, -501 + 87 = -2*a + 5*q. What are the prime factors of a?
2, 53
Suppose -17*o - 818 = -10083. List the prime factors of o.
5, 109
Let y be -2 + 4 + 1 - -263. Suppose y = 3*i - 124. Let q = i - 67. What are the prime factors of q?
3, 7
Suppose -312 = -2*d - 4*t, 2*t + 617 = 5*d - 175. List the prime factors of (-2)/((-4)/d) - 1.
2, 3, 13
Let u be 4/(-26) - (1 + 141/13). List the prime factors of -300*(-3)/u*-2.
2, 3, 5
Let h(u) = 73*u + 5. List the prime factors of h(9).
2, 331
Let u be (-4)/(-14) + 5/7. Suppose 2*d - u = d. Let n(k) = 20*k**3. What are the prime factors of n(d)?
2, 5
Suppose -3*j + 186 = 3*j. What are the prime factors of (0 - 0) + j*(-3)/(-1)?
3, 31
Suppose 3*n = -5*n - 160. What are the prime factors of ((-26)/10 + 1)*n?
2
What are the prime factors of (-2141)/(-2) + 3/(-2)?
1069
Let w(a) = -a**3 + 11*a**2 + 5. Let s be w(11). Let t(x) = 0*x**2 + 2 - s*x**2 - 4*x + x**3 - 6. List the prime factors of t(6).
2
Let v = 967 + -529. What are the prime factors of v?
2, 3, 73
Let r(h) = -4*h**3 - 21*h**2 - 13*h - 19. Let k(y) = y**3 + y**2 + y - 1. Let w(m) = -3*k(m) - r(m). List the prime factors of w(-17).
3, 47
Suppose 10 = c + c. Let k(y) = 2*y**2 - 4*y + 5. Let f be k(c). List the prime factors of (f/2)/(5/10).
5, 7
Let i(z) = -z**3 - 8*z**2 + 10*z - 21. List the prime factors of i(-13).
2, 347
Suppose -k + 13 = 7. Suppose -11*h + 70 = -k*h. List the prime factors of h.
2, 7
What are the prime factors of 14*(-24)/(-28)*41?
2, 3, 41
Let o(f) = -f**3 + 12*f**2 + 2*f - 15. Let a be o(12). Suppose -4 = 7*t - a*t. Suppose 5*l = -2*k + 2*l + 44, -t*k + 4*l = -16. What are the prime factors of k?
2
Suppose -48*o + 52*o - 4*j - 3460 = 0, 5*o + j - 4319 = 0. What are the prime factors of o?
2, 3
Suppose 0*x + 12 = 3*x. Suppose -5*i + 225 = 5*s, i = 4*s - 0*i - 165. List the prime factors of (3 + s)*x/10.
2, 3
Suppose 263 = x - 112. Suppose 8*a - 3*a - x = 0. List the prime factors of a.
3, 5
Let w(g) = g - 3. Let p be w(5). Suppose -p*z + 11 = 2*y - 85, 0 = -3*z + 3. What are the prime factors of y?
47
Let m(u) = 2*u**2 - 4*u. Let x be m(2). Suppose -5*z - 3*s + 189 = x, -4*z = -z - 5*s - 127. What are the prime factors of z?
3, 13
Let b = 10 + -7. Suppose 332 = 7*i - b*i. List the prime factors of i.
83
Let r = 7 + -2. Suppose 0 = 5*d - 15 - r. List the prime factors of 2/d*2 + 5.
2, 3
Suppose -2*h = -3*i + 6869, -i - 2*i - 5*h = -6841. List the prime factors of i.
2287
Let m = 29 + -33. Let v(c) = -c**3 - 3*c**2 - 3*c - 4. What are the prime factors of v(m)?
2, 3
Suppose z + 3 = -3*q, 30 = 4*z - 3*q + q. Suppose -z = -n + 7. List the prime factors of n.
13
Let s be 25 + (-2)/(-2) + -2. Let t(o) = -o**2 + 7*o + 33. Let f be t(10). Suppose 0 = -f*w + w + s. What are the prime factors of w?
2, 3
Let s be (-17 - -18)/(1/5). Suppose z + 27 = t + s*z, 0 = 5*z + 20. List the prime factors of t.
43
Let w be (-78)/(-21)*393 - (-2)/7. Suppose -w = 7*a - 12*a. What are the prime factors of a?
2, 73
Let n(y) = y**3 + 6*y**2 + y + 6. Let d be n(-6). Suppose 0 = -d*o + 2*o - 100. Suppose -2*j + 48 = 2*w, -8 - o = -2*w + 3*j. List the prime factors of w.
2, 13
Let s = 170 - 240. Let f = s - -125. List the prime factors of f.
5, 11
Suppose -2*g = g + 3. List the prime factors of 30 - (g + (4 - 4)).
31
Let i = -73 - -119. Let d = i + -98. Let k = 77 + d. List the prime factors of k.
5
Suppose 360*c + 77328 = 376*c. List the prime factors of c.
3, 179
Let k(s) = -12*s + 3. Suppose -8*i + 3*i = -f - 34, 4*i - f = 27. Let x = i - 9. List the prime factors of k(x).
3
Suppose -5*i + 836 = 14*i. Suppose 4*l - 3*u = -21 - 17, -5*u = -10. Let y = l + i. What are the prime factors of y?
2, 3
Suppose 5*n + 1745 + 240 = 0. Let g = -282 - n. List the prime factors of g.
5, 23
Let i be 12/42 - (-136)/14. Suppose k - 2*v = -0*k + i, 3*v + 6 = -3*k. List the prime factors of (0 - k)/((-4)/46).
23
Let i be (-5)/((-20)/(-72))*-7. Suppose 3*n - 213 = -3*b, i = 2*b - 3*n + n. What are the prime factors of b?
67
Let v = 2 + 41. What are the prime factors of v?
43
List the prime factors of 5 + -2 + ((-9124)/(-4) - 1).
3, 761
Let j = -30 + 122. Let w = j + -138. List the prime factors of -2 - w - (-2 - -5).
41
Let f be (-32)/(-80)*10/((-2)/2). Let i(h) = -18*h - 10. What are the prime factors of i(f)?
2, 31
Let q(b) = 35*b**2 + 3*b - 28. List the prime factors of q(4).
2, 17
Suppose 2*a - 15 = -3*a. Let t be (-1774)/(-30) + (-54)/405. Suppose a*i = -3*p + 2*p + t, 8 = -2*p. What are the prime factors of i?
3, 7
Let r be 145/25 - 1/(-5). Let b = r + -4. Suppose -5*x = -b*x - 48. What are the prime factors of x?
2
Let z(x) = 87 - 45 + 5*x - 46. List the prime factors of z(8).
2, 3
Let w be ((-2)/(-6))/((-4)/36). Let n(r) = 9*r**2 + r + 4. List the prime factors of n(w).
2, 41
Suppose 13*v - 3652 = -207. List the prime factors of v.
5, 53
Suppose 316 = 6*n - 1334. Suppose -4*o = -c - 367, -4*o = -o - c - n. What are the prime factors of o?
2, 23
Suppose -5*m + 4*x - 13 = 0, 5*x = -m - 0 - 20. Let d be 97/3 - m/(-15). List the prime factors of 13/4*d/8.
13
Suppose -3*x + 3*g + 33 = 0, 5 = -2*g - 3*g. Let a(c) = c**3 - 10*c**2 + 14. List the prime factors of a(x).
2, 7
Let z(d) = 9*d**2 + 4*d + 30. What are the prime factors of z(-5)?
5, 47
Suppose -5*z - 4*n = -9735, -2*z = n - 4*n - 3917. 